{"id":148,"date":"2019-05-13T08:34:55","date_gmt":"2019-05-13T06:34:55","guid":{"rendered":"https:\/\/master-7rqtwti-jlukth32wazq6.fr-1.platformsh.site\/?page_id=148"},"modified":"2024-08-30T16:34:39","modified_gmt":"2024-08-30T14:34:39","slug":"automatisme-2","status":"publish","type":"page","link":"https:\/\/www.agds31.fr\/index.php\/automatisme-2\/","title":{"rendered":"Automatisme"},"content":{"rendered":"<div id=\"features-6\" class=\"features-small-image-cards-section\" style=\"background-color: #f6f6f6;\" data-label=\"Features\" data-id=\"features-small-image-cards-section\" data-category=\"features\">\n<div class=\"gridContainer\">\n<div class=\"features-small-image-cards-textrow\">\n<div class=\"features-small-image-cards-textcol dynamic-color\" data-type=\"column\">\n<h2 class=\"\">Automatisme<\/h2>\n<p class=\"\">AGDS automatise tout type d\u2019acc\u00e8s : porte, portail battant et coulissant, porte basculante et sectionnelle, barri\u00e8re levante\u2026.<\/p>\n<p>La maintenance \u00e9tant obligatoire, AGDS propose des contrats de maintenance.<\/p>\n<\/div>\n<\/div>\n<div class=\"features-small-image-cards-featrow dark-text\" data-type=\"row\">\n<div class=\"features-small-image-cards-featcol\">\n<div class=\"features-small-image-cards-featinnerrow flexbox-list\">\n<div class=\"features-small-image-cards-imgcol lazyload\" style=\"background-image:inherit;\" data-bg=\"image\" data-bg-image=\"url(&#039;https:\/\/agds31.fr\/wp-content\/uploads\/2019\/05\/photo-59.jpg&#039;)\"><\/div>\n<div class=\"features-small-image-cards-featcol-feattextcol\" data-type=\"column\">\n<h4 class=\"heading103\">Portail battant<\/h4>\n<hr class=\"features-small-image-cards-separator\" \/>\n<p><a class=\"\" href=\"https:\/\/agds31.fr\/2019\/06\/11\/alu\" target=\"_self\" rel=\"noopener\">+ d\u2019infos<\/a><\/p>\n<\/div>\n<\/div>\n<\/div>\n<div class=\"features-small-image-cards-featcol\">\n<div class=\"features-small-image-cards-featinnerrow flexbox-list\">\n<div class=\"features-small-image-cards-imgcol lazyload\" style=\"background-image:inherit;\" data-bg=\"image\" data-bg-image=\"url(&#039;https:\/\/agds31.fr\/wp-content\/uploads\/2019\/05\/photo-96.jpg&#039;)\"><\/div>\n<div class=\"features-small-image-cards-featcol-feattextcol\" data-type=\"column\">\n<h4 class=\"heading103\">Portail coulissant<\/h4>\n<hr class=\"features-small-image-cards-separator\" \/>\n<p><a class=\"\" href=\"https:\/\/agds31.fr\/2019\/06\/12\/portail-coulissant\" target=\"_self\" rel=\"noopener\">+ d\u2019infos<\/a><\/p>\n<\/div>\n<\/div>\n<\/div>\n<div class=\"features-small-image-cards-featcol\">\n<div class=\"features-small-image-cards-featinnerrow flexbox-list\">\n<div class=\"features-small-image-cards-imgcol lazyload\" style=\"background-image:inherit;\" data-bg=\"image\" data-bg-image=\"url(&#039;https:\/\/agds31.fr\/wp-content\/uploads\/2019\/05\/0gBIH7qTJiTQT3KP9UTw-e1558715169993.jpg&#039;)\"><\/div>\n<div class=\"features-small-image-cards-featcol-feattextcol\" data-type=\"column\">\n<h4 class=\"heading103\">Porte basculante<\/h4>\n<hr class=\"features-small-image-cards-separator\" \/>\n<p><a class=\"\" href=\"https:\/\/agds31.fr\/2019\/06\/12\/porte-basculante\" target=\"_self\" rel=\"noopener\">+ d\u2019infos<\/a><\/p>\n<\/div>\n<\/div>\n<\/div>\n<div class=\"features-small-image-cards-featcol\">\n<div class=\"features-small-image-cards-featinnerrow flexbox-list\">\n<div class=\"features-small-image-cards-imgcol lazyload\" style=\"background-image:inherit;\" data-bg=\"image\" data-bg-image=\"url(&#039;https:\/\/agds31.fr\/wp-content\/uploads\/2019\/06\/barriere-levante-auto-395-m.jpg&#039;)\"><\/div>\n<div class=\"features-small-image-cards-featcol-feattextcol\" data-type=\"column\">\n<h4 class=\"heading103\">Barri\u00e8re levante<\/h4>\n<hr class=\"features-small-image-cards-separator\" \/>\n<p><a class=\"\" href=\"https:\/\/agds31.fr\/barriere-levante\" target=\"_self\" rel=\"noopener\">+ d\u2019infos<\/a><\/p>\n<\/div>\n<\/div>\n<\/div>\n<\/div>\n<\/div>\n<\/div>\n<div id=\"content-4\" class=\"content-right-image-section content-image-right\" style=\"background-color: #ffffff;\" data-label=\"Content\" data-id=\"content-image-right\" data-category=\"content\">\n<div class=\"gridContainer\">\n<div class=\"content-right-image-gridcol\">\n<div class=\"content-right-image-textcol dynamic-color\" data-type=\"column\">\n<p class=\"large_text\">La technologie ne cesse de progresser dans le domaine de l\u2019automatisme de portail, et les prix deviennent de plus en plus accessibles. La port\u00e9e des t\u00e9l\u00e9commandes et la vitesse d\u2019ouverture d\u2019un portail \u00e9lectrique permettent de trouver votre entr\u00e9e grande ouverte \u00e0 votre arriv\u00e9e. La fiabilit\u00e9 des syst\u00e8mes d\u2019ouvertures \u00e9lectriques et les rares coupures du r\u00e9seau \u00e9lectrique vous feront oublier les portails manuels. M\u00eame en cas de coupure, une cl\u00e9 de d\u00e9verrouillage est fournie avec le moteur. Les performances augmentent avec les commandes d\u2019ouvertures, de fermetures \u00e0 distance depuis un smartphone et la possibilit\u00e9 de v\u00e9rifier la position de votre portail \u00e9lectrique. Les options associ\u00e9es \u00e0 l\u2019automatisme de portail compl\u00e8teront les possibilit\u00e9s : La batterie de secours (si vous n\u2019avez pas de portillon) en cas de coupure de courant ; le clavier \u00e0 code radio (facile \u00e0 installer sans c\u00e2blage) ; les contr\u00f4les d\u2019acc\u00e8s interphone ou visiophone \u00e0 m\u00e9moire ; les commandes d\u2019\u00e9clairage pour votre all\u00e9e ; les r\u00e9cepteurs pour commander les portes de garages d\u00e9j\u00e0 motoris\u00e9es ; l\u2019alimentation solaire pour les portails trop \u00e9loign\u00e9s du r\u00e9seau \u00e9lectrique.<\/p>\n<\/div>\n<\/div>\n<\/div>\n<\/div>\n<div id=\"clients-2\" class=\"clients-strip-section\" style=\"background-color: #ffffff;\" data-label=\"Clients\" data-id=\"clients-strip-section\" data-category=\"clients\">\n<div class=\"row_187\" data-type=\"row\" data-add-content=\"false\">\n<div class=\"clients-strip-itemcol cp2cols\">\n<div class=\"middle_align1\"><\/div>\n<\/div>\n<div class=\"clients-strip-itemcol cp2cols\"><\/div>\n<\/div>\n<\/div>\n<div class=\"page\" title=\"Page 3\">\n<div class=\"layoutArea\">\n<div class=\"column\">\n<p style=\"text-align: left;\">\n<\/div>\n<\/div>\n<\/div>\n","protected":false},"excerpt":{"rendered":"<p>Automatisme AGDS automatise tout type d\u2019acc\u00e8s : porte, portail battant et coulissant, porte basculante et sectionnelle, barri\u00e8re levante\u2026. La maintenance \u00e9tant obligatoire, AGDS propose des contrats de maintenance. Portail battant + d\u2019infos Portail coulissant + d\u2019infos Porte basculante + d\u2019infos Barri\u00e8re levante + d\u2019infos La technologie ne cesse de progresser dans le domaine de l\u2019automatisme [&hellip;]<\/p>\n","protected":false},"author":1,"featured_media":0,"parent":0,"menu_order":0,"comment_status":"closed","ping_status":"closed","template":"","meta":{"footnotes":""},"class_list":["post-148","page","type-page","status-publish","hentry"],"yoast_head":"<!-- This site is optimized with the Yoast SEO plugin v24.0 - https:\/\/yoast.com\/wordpress\/plugins\/seo\/ -->\n<title>Automatisme - AGDS31 Tel: 0561402125<\/title>\n<meta name=\"robots\" content=\"index, follow, max-snippet:-1, max-image-preview:large, max-video-preview:-1\" \/>\n<link rel=\"canonical\" href=\"https:\/\/www.agds31.fr\/index.php\/automatisme-2\/\" \/>\n<meta property=\"og:locale\" content=\"fr_FR\" \/>\n<meta property=\"og:type\" content=\"article\" \/>\n<meta property=\"og:title\" content=\"Automatisme - AGDS31 Tel: 0561402125\" \/>\n<meta property=\"og:description\" content=\"Automatisme AGDS automatise tout type d\u2019acc\u00e8s : porte, portail battant et coulissant, porte basculante et sectionnelle, barri\u00e8re levante\u2026. La maintenance \u00e9tant obligatoire, AGDS propose des contrats de maintenance. Portail battant + d\u2019infos Portail coulissant + d\u2019infos Porte basculante + d\u2019infos Barri\u00e8re levante + d\u2019infos La technologie ne cesse de progresser dans le domaine de l\u2019automatisme [&hellip;]\" \/>\n<meta property=\"og:url\" content=\"https:\/\/www.agds31.fr\/index.php\/automatisme-2\/\" \/>\n<meta property=\"og:site_name\" content=\"AGDS31 Tel: 0561402125\" \/>\n<meta property=\"article:modified_time\" content=\"2024-08-30T14:34:39+00:00\" \/>\n<meta name=\"twitter:card\" content=\"summary_large_image\" \/>\n<meta name=\"twitter:label1\" content=\"Dur\u00e9e de lecture estim\u00e9e\" \/>\n\t<meta name=\"twitter:data1\" content=\"2 minutes\" \/>\n<script type=\"application\/ld+json\" class=\"yoast-schema-graph\">{\"@context\":\"https:\/\/schema.org\",\"@graph\":[{\"@type\":\"WebPage\",\"@id\":\"https:\/\/www.agds31.fr\/index.php\/automatisme-2\/\",\"url\":\"https:\/\/www.agds31.fr\/index.php\/automatisme-2\/\",\"name\":\"Automatisme - AGDS31 Tel: 0561402125\",\"isPartOf\":{\"@id\":\"https:\/\/www.agds31.fr\/#website\"},\"datePublished\":\"2019-05-13T06:34:55+00:00\",\"dateModified\":\"2024-08-30T14:34:39+00:00\",\"breadcrumb\":{\"@id\":\"https:\/\/www.agds31.fr\/index.php\/automatisme-2\/#breadcrumb\"},\"inLanguage\":\"fr-FR\",\"potentialAction\":[{\"@type\":\"ReadAction\",\"target\":[\"https:\/\/www.agds31.fr\/index.php\/automatisme-2\/\"]}]},{\"@type\":\"BreadcrumbList\",\"@id\":\"https:\/\/www.agds31.fr\/index.php\/automatisme-2\/#breadcrumb\",\"itemListElement\":[{\"@type\":\"ListItem\",\"position\":1,\"name\":\"Accueil\",\"item\":\"https:\/\/www.agds31.fr\/\"},{\"@type\":\"ListItem\",\"position\":2,\"name\":\"Automatisme\"}]},{\"@type\":\"WebSite\",\"@id\":\"https:\/\/www.agds31.fr\/#website\",\"url\":\"https:\/\/www.agds31.fr\/\",\"name\":\"AGDS31\",\"description\":\"La s\u00e9curit\u00e9 A2P pour particuliers &amp; professionnels \u00e0 Toulouse.\",\"potentialAction\":[{\"@type\":\"SearchAction\",\"target\":{\"@type\":\"EntryPoint\",\"urlTemplate\":\"https:\/\/www.agds31.fr\/?s={search_term_string}\"},\"query-input\":{\"@type\":\"PropertyValueSpecification\",\"valueRequired\":true,\"valueName\":\"search_term_string\"}}],\"inLanguage\":\"fr-FR\"}]}<\/script>\n<!-- \/ Yoast SEO plugin. -->","yoast_head_json":{"title":"Automatisme - AGDS31 Tel: 0561402125","robots":{"index":"index","follow":"follow","max-snippet":"max-snippet:-1","max-image-preview":"max-image-preview:large","max-video-preview":"max-video-preview:-1"},"canonical":"https:\/\/www.agds31.fr\/index.php\/automatisme-2\/","og_locale":"fr_FR","og_type":"article","og_title":"Automatisme - AGDS31 Tel: 0561402125","og_description":"Automatisme AGDS automatise tout type d\u2019acc\u00e8s : porte, portail battant et coulissant, porte basculante et sectionnelle, barri\u00e8re levante\u2026. La maintenance \u00e9tant obligatoire, AGDS propose des contrats de maintenance. Portail battant + d\u2019infos Portail coulissant + d\u2019infos Porte basculante + d\u2019infos Barri\u00e8re levante + d\u2019infos La technologie ne cesse de progresser dans le domaine de l\u2019automatisme [&hellip;]","og_url":"https:\/\/www.agds31.fr\/index.php\/automatisme-2\/","og_site_name":"AGDS31 Tel: 0561402125","article_modified_time":"2024-08-30T14:34:39+00:00","twitter_card":"summary_large_image","twitter_misc":{"Dur\u00e9e de lecture estim\u00e9e":"2 minutes"},"schema":{"@context":"https:\/\/schema.org","@graph":[{"@type":"WebPage","@id":"https:\/\/www.agds31.fr\/index.php\/automatisme-2\/","url":"https:\/\/www.agds31.fr\/index.php\/automatisme-2\/","name":"Automatisme - AGDS31 Tel: 0561402125","isPartOf":{"@id":"https:\/\/www.agds31.fr\/#website"},"datePublished":"2019-05-13T06:34:55+00:00","dateModified":"2024-08-30T14:34:39+00:00","breadcrumb":{"@id":"https:\/\/www.agds31.fr\/index.php\/automatisme-2\/#breadcrumb"},"inLanguage":"fr-FR","potentialAction":[{"@type":"ReadAction","target":["https:\/\/www.agds31.fr\/index.php\/automatisme-2\/"]}]},{"@type":"BreadcrumbList","@id":"https:\/\/www.agds31.fr\/index.php\/automatisme-2\/#breadcrumb","itemListElement":[{"@type":"ListItem","position":1,"name":"Accueil","item":"https:\/\/www.agds31.fr\/"},{"@type":"ListItem","position":2,"name":"Automatisme"}]},{"@type":"WebSite","@id":"https:\/\/www.agds31.fr\/#website","url":"https:\/\/www.agds31.fr\/","name":"AGDS31","description":"La s\u00e9curit\u00e9 A2P pour particuliers &amp; professionnels \u00e0 Toulouse.","potentialAction":[{"@type":"SearchAction","target":{"@type":"EntryPoint","urlTemplate":"https:\/\/www.agds31.fr\/?s={search_term_string}"},"query-input":{"@type":"PropertyValueSpecification","valueRequired":true,"valueName":"search_term_string"}}],"inLanguage":"fr-FR"}]}},"_links":{"self":[{"href":"https:\/\/www.agds31.fr\/index.php\/wp-json\/wp\/v2\/pages\/148","targetHints":{"allow":["GET"]}}],"collection":[{"href":"https:\/\/www.agds31.fr\/index.php\/wp-json\/wp\/v2\/pages"}],"about":[{"href":"https:\/\/www.agds31.fr\/index.php\/wp-json\/wp\/v2\/types\/page"}],"author":[{"embeddable":true,"href":"https:\/\/www.agds31.fr\/index.php\/wp-json\/wp\/v2\/users\/1"}],"replies":[{"embeddable":true,"href":"https:\/\/www.agds31.fr\/index.php\/wp-json\/wp\/v2\/comments?post=148"}],"version-history":[{"count":1,"href":"https:\/\/www.agds31.fr\/index.php\/wp-json\/wp\/v2\/pages\/148\/revisions"}],"predecessor-version":[{"id":2877,"href":"https:\/\/www.agds31.fr\/index.php\/wp-json\/wp\/v2\/pages\/148\/revisions\/2877"}],"wp:attachment":[{"href":"https:\/\/www.agds31.fr\/index.php\/wp-json\/wp\/v2\/media?parent=148"}],"curies":[{"name":"wp","href":"https:\/\/api.w.org\/{rel}","templated":true}]}}