{"id":2311,"date":"2019-07-01T18:22:47","date_gmt":"2019-07-01T16:22:47","guid":{"rendered":"https:\/\/agds31.fr\/?page_id=2311"},"modified":"2024-08-30T16:20:26","modified_gmt":"2024-08-30T14:20:26","slug":"portes-hall-cibox","status":"publish","type":"page","link":"https:\/\/www.agds31.fr\/index.php\/portes-hall-cibox\/","title":{"rendered":"Portes Hall Cibox"},"content":{"rendered":"<div id=\"content-4\" class=\"content-right-image-section content-image-right\" style=\"background-color: #ffffff;\" data-label=\"Content\" data-id=\"content-image-right\" data-category=\"content\">\n<div class=\"gridContainer\">\n<div class=\"content-right-image-gridcol\">\n<div class=\"content-right-image-textcol dynamic-color\" data-type=\"column\">\n<h2 class=\"\"><span style=\"font-weight: 200;\">Hall d&rsquo;entr\u00e9e d&rsquo;immeuble<\/span><\/h2>\n<p class=\"large_text\">Quand l\u00e9g\u00e8ret\u00e9 rime avec solidit\u00e9<br \/>\nLa gamme de portes en acier R\u00e9sidence est compos\u00e9e de pliages complexes tout en garantissant une grande l\u00e9g\u00e8ret\u00e9 des lignes. Notre service R&amp;D a cherch\u00e9 le meilleur compromis technique entre robustesse, clart\u00e9 et design \u00e9pur\u00e9. Elle offre au logement collectif r\u00e9sidentiel un excellent rapport qualit\u00e9\/prix.<br \/>\nNos portes se diff\u00e9rencient par une multitude de d\u00e9tails techniques qui en font un produit unique sur le march\u00e9 de la construction, d\u2019une grande long\u00e9vit\u00e9 et n\u00e9cessitant peu de r\u00e9glages et entretiens : porte sur pivot, syst\u00e8me de cadre \u00e0 vitrage sans parclose et sans vis apparente, joint en U inarrachable\u2026<br \/>\nUn soin particulier a \u00e9t\u00e9 apport\u00e9 \u00e0 la quincaillerie avec notamment des kits pivots en inox monobloc fabriqu\u00e9s dans nos usines. Compatibles et agr\u00e9\u00e9s par les principaux fabricants de ferme-porte, ils sont tr\u00e8s r\u00e9sistants aux sollicitations quotidiennes d\u2019ouverture et de fermeture de la porte.<br \/>\nLa gamme R\u00e9sidence est le fruit de notre savoir-faire et du retour d\u2019exp\u00e9rience terrain acquis ann\u00e9e apr\u00e8s ann\u00e9e. Renforcer la s\u00e9curit\u00e9 et r\u00e9duire le risque de vandalisme est au c\u0153ur de notre m\u00e9tier, ce que nous avons retranscrit au travers de plusieurs brevets : cadre \u00e0 vitrage sp\u00e9cifique antivandale, contre-plaque cintr\u00e9e de ventouses sur silentbloc sans vis de fixation, syst\u00e8me de verrouillage par ventouse \u00e9lectro-piston r\u00e9sistant jusqu\u2019\u00e0 800 daN \u00e0 l\u2019arrachement.<\/p>\n<\/div>\n<div class=\"content-right-image-imgcol\" data-type=\"column\">\n<div id=\"attachment_2711\" style=\"width: 310px\" class=\"wp-caption alignnone\"><img loading=\"lazy\" decoding=\"async\" aria-describedby=\"caption-attachment-2711\" class=\"size-medium wp-image-2711 lazyload\" data-src=\"http:\/\/www.agds31.fr\/wp-content\/uploads\/2024\/08\/IMG_6286-1-300x225.jpg\" alt=\"\" width=\"300\" height=\"225\" data-srcset=\"https:\/\/www.agds31.fr\/wp-content\/uploads\/2024\/08\/IMG_6286-1-300x225.jpg 300w, https:\/\/www.agds31.fr\/wp-content\/uploads\/2024\/08\/IMG_6286-1.jpg 640w\" data-sizes=\"auto, (max-width: 300px) 100vw, 300px\" src=\"data:image\/gif;base64,R0lGODlhAQABAAAAACH5BAEKAAEALAAAAAABAAEAAAICTAEAOw==\" style=\"--smush-placeholder-width: 300px; --smush-placeholder-aspect-ratio: 300\/225;\" \/><noscript><img loading=\"lazy\" decoding=\"async\" aria-describedby=\"caption-attachment-2711\" class=\"size-medium wp-image-2711\" src=\"http:\/\/www.agds31.fr\/wp-content\/uploads\/2024\/08\/IMG_6286-1-300x225.jpg\" alt=\"\" width=\"300\" height=\"225\" srcset=\"https:\/\/www.agds31.fr\/wp-content\/uploads\/2024\/08\/IMG_6286-1-300x225.jpg 300w, https:\/\/www.agds31.fr\/wp-content\/uploads\/2024\/08\/IMG_6286-1.jpg 640w\" sizes=\"auto, (max-width: 300px) 100vw, 300px\" \/><\/noscript><p id=\"caption-attachment-2711\" class=\"wp-caption-text\">Entr\u00e9e d&rsquo; immeuble Cibox<\/p><\/div>\n<\/div>\n<\/div>\n<\/div>\n<\/div>\n<div id=\"content-3\" class=\"content-left-image-section content-image-left\" style=\"background-color: #f6f6f6;\" data-label=\"Content\" data-id=\"content-image-left\" data-category=\"content\">\n<div class=\"gridContainer\">\n<div class=\"row\">\n<div class=\"content-left-image-imgcol\" data-type=\"column\"><\/div>\n<div class=\"content-left-image-textcol dynamic-color\" data-type=\"column\">\n<p class=\"large_text\">\u00c9quipements en standard<br \/>\nPorte sur pivot avec anti-pince-doigt int\u00e9gr\u00e9 \u00e0 l\u2019ouvrant<br \/>\n4 mod\u00e8les de base avec 19 teintes au choix selon nuancier Cibox.<br \/>\nVerrouillage par 2 ventouses \u00e9lectromagn\u00e9tiques certifi\u00e9es 300 daN chacune.<br \/>\nFerme-porte pivot frein encastr\u00e9 (force 3 \u00e0 5).<br \/>\nPoign\u00e9e pav\u00e9 aluminium anodis\u00e9.<br \/>\nBut\u00e9e avec tampon caoutchouc conique.<br \/>\nDu standard au sur-mesure<br \/>\nmati\u00e8re inox laqu\u00e9 sur ouvrant et dormant<br \/>\nPersonnalisation des couleurs selon le RAL de son choix<br \/>\nlaquage grain\u00e9 (4 teintes disponibles sur porte acier)<br \/>\nInt\u00e9gration d&rsquo;une t\u00f4le \u00ab d\u00e9cor \u00bb dans le cadre \u00e0 vitrage<br \/>\nLettrage ou d\u00e9cor r\u00e9alisables par d\u00e9coupe laser sur le dormant<br \/>\nDe nombreux accessoires : poign\u00e9es, but\u00e9es&#8230;<br \/>\nOuvre-porte automatique invisible, enti\u00e8rement encastr\u00e9 (Cib&rsquo;Matic)<\/p>\n<\/div>\n<\/div>\n<\/div>\n<\/div>\n","protected":false},"excerpt":{"rendered":"<p>Hall d&rsquo;entr\u00e9e d&rsquo;immeuble Quand l\u00e9g\u00e8ret\u00e9 rime avec solidit\u00e9 La gamme de portes en acier R\u00e9sidence est compos\u00e9e de pliages complexes tout en garantissant une grande l\u00e9g\u00e8ret\u00e9 des lignes. Notre service R&amp;D a cherch\u00e9 le meilleur compromis technique entre robustesse, clart\u00e9 et design \u00e9pur\u00e9. Elle offre au logement collectif r\u00e9sidentiel un excellent rapport qualit\u00e9\/prix. Nos portes [&hellip;]<\/p>\n","protected":false},"author":1,"featured_media":0,"parent":0,"menu_order":0,"comment_status":"closed","ping_status":"closed","template":"","meta":{"footnotes":""},"class_list":["post-2311","page","type-page","status-publish","hentry"],"yoast_head":"<!-- This site is optimized with the Yoast SEO plugin v24.0 - https:\/\/yoast.com\/wordpress\/plugins\/seo\/ -->\n<title>Portes Hall Cibox - AGDS31 Tel: 0561402125<\/title>\n<meta name=\"robots\" content=\"index, follow, max-snippet:-1, max-image-preview:large, max-video-preview:-1\" \/>\n<link rel=\"canonical\" href=\"https:\/\/www.agds31.fr\/index.php\/portes-hall-cibox\/\" \/>\n<meta property=\"og:locale\" content=\"fr_FR\" \/>\n<meta property=\"og:type\" content=\"article\" \/>\n<meta property=\"og:title\" content=\"Portes Hall Cibox - AGDS31 Tel: 0561402125\" \/>\n<meta property=\"og:description\" content=\"Hall d&rsquo;entr\u00e9e d&rsquo;immeuble Quand l\u00e9g\u00e8ret\u00e9 rime avec solidit\u00e9 La gamme de portes en acier R\u00e9sidence est compos\u00e9e de pliages complexes tout en garantissant une grande l\u00e9g\u00e8ret\u00e9 des lignes. Notre service R&amp;D a cherch\u00e9 le meilleur compromis technique entre robustesse, clart\u00e9 et design \u00e9pur\u00e9. Elle offre au logement collectif r\u00e9sidentiel un excellent rapport qualit\u00e9\/prix. Nos portes [&hellip;]\" \/>\n<meta property=\"og:url\" content=\"https:\/\/www.agds31.fr\/index.php\/portes-hall-cibox\/\" \/>\n<meta property=\"og:site_name\" content=\"AGDS31 Tel: 0561402125\" \/>\n<meta property=\"article:modified_time\" content=\"2024-08-30T14:20:26+00:00\" \/>\n<meta property=\"og:image\" content=\"http:\/\/www.agds31.fr\/wp-content\/uploads\/2024\/08\/IMG_6286-1-300x225.jpg\" \/>\n<meta name=\"twitter:card\" content=\"summary_large_image\" \/>\n<meta name=\"twitter:label1\" content=\"Dur\u00e9e de lecture estim\u00e9e\" \/>\n\t<meta name=\"twitter:data1\" content=\"2 minutes\" \/>\n<script type=\"application\/ld+json\" class=\"yoast-schema-graph\">{\"@context\":\"https:\/\/schema.org\",\"@graph\":[{\"@type\":\"WebPage\",\"@id\":\"https:\/\/www.agds31.fr\/index.php\/portes-hall-cibox\/\",\"url\":\"https:\/\/www.agds31.fr\/index.php\/portes-hall-cibox\/\",\"name\":\"Portes Hall Cibox - AGDS31 Tel: 0561402125\",\"isPartOf\":{\"@id\":\"https:\/\/www.agds31.fr\/#website\"},\"primaryImageOfPage\":{\"@id\":\"https:\/\/www.agds31.fr\/index.php\/portes-hall-cibox\/#primaryimage\"},\"image\":{\"@id\":\"https:\/\/www.agds31.fr\/index.php\/portes-hall-cibox\/#primaryimage\"},\"thumbnailUrl\":\"http:\/\/www.agds31.fr\/wp-content\/uploads\/2024\/08\/IMG_6286-1-300x225.jpg\",\"datePublished\":\"2019-07-01T16:22:47+00:00\",\"dateModified\":\"2024-08-30T14:20:26+00:00\",\"breadcrumb\":{\"@id\":\"https:\/\/www.agds31.fr\/index.php\/portes-hall-cibox\/#breadcrumb\"},\"inLanguage\":\"fr-FR\",\"potentialAction\":[{\"@type\":\"ReadAction\",\"target\":[\"https:\/\/www.agds31.fr\/index.php\/portes-hall-cibox\/\"]}]},{\"@type\":\"ImageObject\",\"inLanguage\":\"fr-FR\",\"@id\":\"https:\/\/www.agds31.fr\/index.php\/portes-hall-cibox\/#primaryimage\",\"url\":\"https:\/\/www.agds31.fr\/wp-content\/uploads\/2024\/08\/IMG_6286-1.jpg\",\"contentUrl\":\"https:\/\/www.agds31.fr\/wp-content\/uploads\/2024\/08\/IMG_6286-1.jpg\",\"width\":640,\"height\":480,\"caption\":\"Entr\u00e9e d' immeuble Cibox\"},{\"@type\":\"BreadcrumbList\",\"@id\":\"https:\/\/www.agds31.fr\/index.php\/portes-hall-cibox\/#breadcrumb\",\"itemListElement\":[{\"@type\":\"ListItem\",\"position\":1,\"name\":\"Accueil\",\"item\":\"https:\/\/www.agds31.fr\/\"},{\"@type\":\"ListItem\",\"position\":2,\"name\":\"Portes Hall Cibox\"}]},{\"@type\":\"WebSite\",\"@id\":\"https:\/\/www.agds31.fr\/#website\",\"url\":\"https:\/\/www.agds31.fr\/\",\"name\":\"AGDS31\",\"description\":\"La s\u00e9curit\u00e9 A2P pour particuliers &amp; professionnels \u00e0 Toulouse.\",\"potentialAction\":[{\"@type\":\"SearchAction\",\"target\":{\"@type\":\"EntryPoint\",\"urlTemplate\":\"https:\/\/www.agds31.fr\/?s={search_term_string}\"},\"query-input\":{\"@type\":\"PropertyValueSpecification\",\"valueRequired\":true,\"valueName\":\"search_term_string\"}}],\"inLanguage\":\"fr-FR\"}]}<\/script>\n<!-- \/ Yoast SEO plugin. -->","yoast_head_json":{"title":"Portes Hall Cibox - AGDS31 Tel: 0561402125","robots":{"index":"index","follow":"follow","max-snippet":"max-snippet:-1","max-image-preview":"max-image-preview:large","max-video-preview":"max-video-preview:-1"},"canonical":"https:\/\/www.agds31.fr\/index.php\/portes-hall-cibox\/","og_locale":"fr_FR","og_type":"article","og_title":"Portes Hall Cibox - AGDS31 Tel: 0561402125","og_description":"Hall d&rsquo;entr\u00e9e d&rsquo;immeuble Quand l\u00e9g\u00e8ret\u00e9 rime avec solidit\u00e9 La gamme de portes en acier R\u00e9sidence est compos\u00e9e de pliages complexes tout en garantissant une grande l\u00e9g\u00e8ret\u00e9 des lignes. Notre service R&amp;D a cherch\u00e9 le meilleur compromis technique entre robustesse, clart\u00e9 et design \u00e9pur\u00e9. Elle offre au logement collectif r\u00e9sidentiel un excellent rapport qualit\u00e9\/prix. Nos portes [&hellip;]","og_url":"https:\/\/www.agds31.fr\/index.php\/portes-hall-cibox\/","og_site_name":"AGDS31 Tel: 0561402125","article_modified_time":"2024-08-30T14:20:26+00:00","og_image":[{"url":"http:\/\/www.agds31.fr\/wp-content\/uploads\/2024\/08\/IMG_6286-1-300x225.jpg","type":"","width":"","height":""}],"twitter_card":"summary_large_image","twitter_misc":{"Dur\u00e9e de lecture estim\u00e9e":"2 minutes"},"schema":{"@context":"https:\/\/schema.org","@graph":[{"@type":"WebPage","@id":"https:\/\/www.agds31.fr\/index.php\/portes-hall-cibox\/","url":"https:\/\/www.agds31.fr\/index.php\/portes-hall-cibox\/","name":"Portes Hall Cibox - AGDS31 Tel: 0561402125","isPartOf":{"@id":"https:\/\/www.agds31.fr\/#website"},"primaryImageOfPage":{"@id":"https:\/\/www.agds31.fr\/index.php\/portes-hall-cibox\/#primaryimage"},"image":{"@id":"https:\/\/www.agds31.fr\/index.php\/portes-hall-cibox\/#primaryimage"},"thumbnailUrl":"http:\/\/www.agds31.fr\/wp-content\/uploads\/2024\/08\/IMG_6286-1-300x225.jpg","datePublished":"2019-07-01T16:22:47+00:00","dateModified":"2024-08-30T14:20:26+00:00","breadcrumb":{"@id":"https:\/\/www.agds31.fr\/index.php\/portes-hall-cibox\/#breadcrumb"},"inLanguage":"fr-FR","potentialAction":[{"@type":"ReadAction","target":["https:\/\/www.agds31.fr\/index.php\/portes-hall-cibox\/"]}]},{"@type":"ImageObject","inLanguage":"fr-FR","@id":"https:\/\/www.agds31.fr\/index.php\/portes-hall-cibox\/#primaryimage","url":"https:\/\/www.agds31.fr\/wp-content\/uploads\/2024\/08\/IMG_6286-1.jpg","contentUrl":"https:\/\/www.agds31.fr\/wp-content\/uploads\/2024\/08\/IMG_6286-1.jpg","width":640,"height":480,"caption":"Entr\u00e9e d' immeuble Cibox"},{"@type":"BreadcrumbList","@id":"https:\/\/www.agds31.fr\/index.php\/portes-hall-cibox\/#breadcrumb","itemListElement":[{"@type":"ListItem","position":1,"name":"Accueil","item":"https:\/\/www.agds31.fr\/"},{"@type":"ListItem","position":2,"name":"Portes Hall Cibox"}]},{"@type":"WebSite","@id":"https:\/\/www.agds31.fr\/#website","url":"https:\/\/www.agds31.fr\/","name":"AGDS31","description":"La s\u00e9curit\u00e9 A2P pour particuliers &amp; professionnels \u00e0 Toulouse.","potentialAction":[{"@type":"SearchAction","target":{"@type":"EntryPoint","urlTemplate":"https:\/\/www.agds31.fr\/?s={search_term_string}"},"query-input":{"@type":"PropertyValueSpecification","valueRequired":true,"valueName":"search_term_string"}}],"inLanguage":"fr-FR"}]}},"_links":{"self":[{"href":"https:\/\/www.agds31.fr\/index.php\/wp-json\/wp\/v2\/pages\/2311","targetHints":{"allow":["GET"]}}],"collection":[{"href":"https:\/\/www.agds31.fr\/index.php\/wp-json\/wp\/v2\/pages"}],"about":[{"href":"https:\/\/www.agds31.fr\/index.php\/wp-json\/wp\/v2\/types\/page"}],"author":[{"embeddable":true,"href":"https:\/\/www.agds31.fr\/index.php\/wp-json\/wp\/v2\/users\/1"}],"replies":[{"embeddable":true,"href":"https:\/\/www.agds31.fr\/index.php\/wp-json\/wp\/v2\/comments?post=2311"}],"version-history":[{"count":1,"href":"https:\/\/www.agds31.fr\/index.php\/wp-json\/wp\/v2\/pages\/2311\/revisions"}],"predecessor-version":[{"id":2865,"href":"https:\/\/www.agds31.fr\/index.php\/wp-json\/wp\/v2\/pages\/2311\/revisions\/2865"}],"wp:attachment":[{"href":"https:\/\/www.agds31.fr\/index.php\/wp-json\/wp\/v2\/media?parent=2311"}],"curies":[{"name":"wp","href":"https:\/\/api.w.org\/{rel}","templated":true}]}}