{"id":2346,"date":"2019-07-01T18:54:06","date_gmt":"2019-07-01T16:54:06","guid":{"rendered":"https:\/\/agds31.fr\/?page_id=2346"},"modified":"2024-09-05T17:43:48","modified_gmt":"2024-09-05T15:43:48","slug":"electricite-2","status":"publish","type":"page","link":"https:\/\/www.agds31.fr\/index.php\/electricite-2\/","title":{"rendered":"\u00c9lectricit\u00e9"},"content":{"rendered":"<div id=\"about-3\" class=\"about-images-right-section\" style=\"background-color: #ffffff;\" data-label=\"About\" data-id=\"about-images-right-section\" data-category=\"about\">\n<div class=\"gridContainer dynamic-color\">\n<div class=\"about-images-right-innerrow dynamic-color\">\n<div class=\"about-images-right-textcol\" data-type=\"column\">\n<p class=\"\">Agds \u00a0r\u00e9alise tous les travaux d\u2019\u00e9lectricit\u00e9 (courent fort et faible)pour les particuliers, les professionnels et les syndics de copropri\u00e9t\u00e9. Nous sommes situ\u00e9s a Villeneuve -Tolosane \u00a0pour intervenir en toute proximit\u00e9 et proposer des services de qualit\u00e9, \u00e0 l\u2019\u00e9coute des clients.<br \/>\nNotre \u00e9quipe qualifi\u00e9e met \u00e0 votre service son savoir-faire et son exp\u00e9rience pour l\u2019installation et la r\u00e9novation \u00e9lectrique, le d\u00e9pannage, le chauffage et les contr\u00f4les d\u2019acc\u00e8s, afin de vous permettre de vivre sereinement dans votre habitation.<br \/>\nNous mettons un point d\u2019honneur \u00e0 veiller \u00e0 votre s\u00e9curit\u00e9 \u00e9lectrique, toujours dans le respect des normes en vigueur.<br \/>\nBesoin d\u2019une r\u00e9novation compl\u00e8te de vos installations ? Vous souhaitez \u00e9quiper votre copropri\u00e9t\u00e9 de luminaires modernes et d\u00e9coratifs ? Installer un interphone \u00e0 votre domicile ?<\/p>\n<p class=\"\"><img loading=\"lazy\" decoding=\"async\" class=\"alignnone size-medium wp-image-2791 lazyload\" data-src=\"http:\/\/www.agds31.fr\/wp-content\/uploads\/2024\/08\/tableau-electrique-300x199.jpg\" alt=\"\" width=\"300\" height=\"199\" data-srcset=\"https:\/\/www.agds31.fr\/wp-content\/uploads\/2024\/08\/tableau-electrique-300x199.jpg 300w, https:\/\/www.agds31.fr\/wp-content\/uploads\/2024\/08\/tableau-electrique-1024x681.jpg 1024w, https:\/\/www.agds31.fr\/wp-content\/uploads\/2024\/08\/tableau-electrique-768x510.jpg 768w, https:\/\/www.agds31.fr\/wp-content\/uploads\/2024\/08\/tableau-electrique-1536x1021.jpg 1536w, https:\/\/www.agds31.fr\/wp-content\/uploads\/2024\/08\/tableau-electrique.jpg 1691w\" data-sizes=\"auto, (max-width: 300px) 100vw, 300px\" src=\"data:image\/gif;base64,R0lGODlhAQABAAAAACH5BAEKAAEALAAAAAABAAEAAAICTAEAOw==\" style=\"--smush-placeholder-width: 300px; --smush-placeholder-aspect-ratio: 300\/199;\" \/><noscript><img loading=\"lazy\" decoding=\"async\" class=\"alignnone size-medium wp-image-2791\" src=\"http:\/\/www.agds31.fr\/wp-content\/uploads\/2024\/08\/tableau-electrique-300x199.jpg\" alt=\"\" width=\"300\" height=\"199\" srcset=\"https:\/\/www.agds31.fr\/wp-content\/uploads\/2024\/08\/tableau-electrique-300x199.jpg 300w, https:\/\/www.agds31.fr\/wp-content\/uploads\/2024\/08\/tableau-electrique-1024x681.jpg 1024w, https:\/\/www.agds31.fr\/wp-content\/uploads\/2024\/08\/tableau-electrique-768x510.jpg 768w, https:\/\/www.agds31.fr\/wp-content\/uploads\/2024\/08\/tableau-electrique-1536x1021.jpg 1536w, https:\/\/www.agds31.fr\/wp-content\/uploads\/2024\/08\/tableau-electrique.jpg 1691w\" sizes=\"auto, (max-width: 300px) 100vw, 300px\" \/><\/noscript><\/p>\n<p><a href=\"https:\/\/www.agds31.fr\/index.php\/contact-form-7-id0c9464a-titlemail\/\">Demande de devis<\/a><\/p>\n<\/div>\n<div class=\"about-images-right-imgcol\"><\/div>\n<\/div>\n<\/div>\n<\/div>\n","protected":false},"excerpt":{"rendered":"<p>Agds \u00a0r\u00e9alise tous les travaux d\u2019\u00e9lectricit\u00e9 (courent fort et faible)pour les particuliers, les professionnels et les syndics de copropri\u00e9t\u00e9. Nous sommes situ\u00e9s a Villeneuve -Tolosane \u00a0pour intervenir en toute proximit\u00e9 et proposer des services de qualit\u00e9, \u00e0 l\u2019\u00e9coute des clients. Notre \u00e9quipe qualifi\u00e9e met \u00e0 votre service son savoir-faire et son exp\u00e9rience pour l\u2019installation et [&hellip;]<\/p>\n","protected":false},"author":1,"featured_media":0,"parent":0,"menu_order":0,"comment_status":"closed","ping_status":"closed","template":"","meta":{"footnotes":""},"class_list":["post-2346","page","type-page","status-publish","hentry"],"yoast_head":"<!-- This site is optimized with the Yoast SEO plugin v24.0 - https:\/\/yoast.com\/wordpress\/plugins\/seo\/ -->\n<title>\u00c9lectricit\u00e9 - AGDS31 Tel: 0561402125<\/title>\n<meta name=\"robots\" content=\"index, follow, max-snippet:-1, max-image-preview:large, max-video-preview:-1\" \/>\n<link rel=\"canonical\" href=\"https:\/\/www.agds31.fr\/index.php\/electricite-2\/\" \/>\n<meta property=\"og:locale\" content=\"fr_FR\" \/>\n<meta property=\"og:type\" content=\"article\" \/>\n<meta property=\"og:title\" content=\"\u00c9lectricit\u00e9 - AGDS31 Tel: 0561402125\" \/>\n<meta property=\"og:description\" content=\"Agds \u00a0r\u00e9alise tous les travaux d\u2019\u00e9lectricit\u00e9 (courent fort et faible)pour les particuliers, les professionnels et les syndics de copropri\u00e9t\u00e9. Nous sommes situ\u00e9s a Villeneuve -Tolosane \u00a0pour intervenir en toute proximit\u00e9 et proposer des services de qualit\u00e9, \u00e0 l\u2019\u00e9coute des clients. Notre \u00e9quipe qualifi\u00e9e met \u00e0 votre service son savoir-faire et son exp\u00e9rience pour l\u2019installation et [&hellip;]\" \/>\n<meta property=\"og:url\" content=\"https:\/\/www.agds31.fr\/index.php\/electricite-2\/\" \/>\n<meta property=\"og:site_name\" content=\"AGDS31 Tel: 0561402125\" \/>\n<meta property=\"article:modified_time\" content=\"2024-09-05T15:43:48+00:00\" \/>\n<meta property=\"og:image\" content=\"http:\/\/www.agds31.fr\/wp-content\/uploads\/2024\/08\/tableau-electrique-300x199.jpg\" \/>\n<meta name=\"twitter:card\" content=\"summary_large_image\" \/>\n<meta name=\"twitter:label1\" content=\"Dur\u00e9e de lecture estim\u00e9e\" \/>\n\t<meta name=\"twitter:data1\" content=\"1 minute\" \/>\n<script type=\"application\/ld+json\" class=\"yoast-schema-graph\">{\"@context\":\"https:\/\/schema.org\",\"@graph\":[{\"@type\":\"WebPage\",\"@id\":\"https:\/\/www.agds31.fr\/index.php\/electricite-2\/\",\"url\":\"https:\/\/www.agds31.fr\/index.php\/electricite-2\/\",\"name\":\"\u00c9lectricit\u00e9 - AGDS31 Tel: 0561402125\",\"isPartOf\":{\"@id\":\"https:\/\/www.agds31.fr\/#website\"},\"primaryImageOfPage\":{\"@id\":\"https:\/\/www.agds31.fr\/index.php\/electricite-2\/#primaryimage\"},\"image\":{\"@id\":\"https:\/\/www.agds31.fr\/index.php\/electricite-2\/#primaryimage\"},\"thumbnailUrl\":\"http:\/\/www.agds31.fr\/wp-content\/uploads\/2024\/08\/tableau-electrique-300x199.jpg\",\"datePublished\":\"2019-07-01T16:54:06+00:00\",\"dateModified\":\"2024-09-05T15:43:48+00:00\",\"breadcrumb\":{\"@id\":\"https:\/\/www.agds31.fr\/index.php\/electricite-2\/#breadcrumb\"},\"inLanguage\":\"fr-FR\",\"potentialAction\":[{\"@type\":\"ReadAction\",\"target\":[\"https:\/\/www.agds31.fr\/index.php\/electricite-2\/\"]}]},{\"@type\":\"ImageObject\",\"inLanguage\":\"fr-FR\",\"@id\":\"https:\/\/www.agds31.fr\/index.php\/electricite-2\/#primaryimage\",\"url\":\"https:\/\/www.agds31.fr\/wp-content\/uploads\/2024\/08\/tableau-electrique.jpg\",\"contentUrl\":\"https:\/\/www.agds31.fr\/wp-content\/uploads\/2024\/08\/tableau-electrique.jpg\",\"width\":1691,\"height\":1124},{\"@type\":\"BreadcrumbList\",\"@id\":\"https:\/\/www.agds31.fr\/index.php\/electricite-2\/#breadcrumb\",\"itemListElement\":[{\"@type\":\"ListItem\",\"position\":1,\"name\":\"Accueil\",\"item\":\"https:\/\/www.agds31.fr\/\"},{\"@type\":\"ListItem\",\"position\":2,\"name\":\"\u00c9lectricit\u00e9\"}]},{\"@type\":\"WebSite\",\"@id\":\"https:\/\/www.agds31.fr\/#website\",\"url\":\"https:\/\/www.agds31.fr\/\",\"name\":\"AGDS31\",\"description\":\"La s\u00e9curit\u00e9 A2P pour particuliers &amp; professionnels \u00e0 Toulouse.\",\"potentialAction\":[{\"@type\":\"SearchAction\",\"target\":{\"@type\":\"EntryPoint\",\"urlTemplate\":\"https:\/\/www.agds31.fr\/?s={search_term_string}\"},\"query-input\":{\"@type\":\"PropertyValueSpecification\",\"valueRequired\":true,\"valueName\":\"search_term_string\"}}],\"inLanguage\":\"fr-FR\"}]}<\/script>\n<!-- \/ Yoast SEO plugin. -->","yoast_head_json":{"title":"\u00c9lectricit\u00e9 - AGDS31 Tel: 0561402125","robots":{"index":"index","follow":"follow","max-snippet":"max-snippet:-1","max-image-preview":"max-image-preview:large","max-video-preview":"max-video-preview:-1"},"canonical":"https:\/\/www.agds31.fr\/index.php\/electricite-2\/","og_locale":"fr_FR","og_type":"article","og_title":"\u00c9lectricit\u00e9 - AGDS31 Tel: 0561402125","og_description":"Agds \u00a0r\u00e9alise tous les travaux d\u2019\u00e9lectricit\u00e9 (courent fort et faible)pour les particuliers, les professionnels et les syndics de copropri\u00e9t\u00e9. Nous sommes situ\u00e9s a Villeneuve -Tolosane \u00a0pour intervenir en toute proximit\u00e9 et proposer des services de qualit\u00e9, \u00e0 l\u2019\u00e9coute des clients. Notre \u00e9quipe qualifi\u00e9e met \u00e0 votre service son savoir-faire et son exp\u00e9rience pour l\u2019installation et [&hellip;]","og_url":"https:\/\/www.agds31.fr\/index.php\/electricite-2\/","og_site_name":"AGDS31 Tel: 0561402125","article_modified_time":"2024-09-05T15:43:48+00:00","og_image":[{"url":"http:\/\/www.agds31.fr\/wp-content\/uploads\/2024\/08\/tableau-electrique-300x199.jpg","type":"","width":"","height":""}],"twitter_card":"summary_large_image","twitter_misc":{"Dur\u00e9e de lecture estim\u00e9e":"1 minute"},"schema":{"@context":"https:\/\/schema.org","@graph":[{"@type":"WebPage","@id":"https:\/\/www.agds31.fr\/index.php\/electricite-2\/","url":"https:\/\/www.agds31.fr\/index.php\/electricite-2\/","name":"\u00c9lectricit\u00e9 - AGDS31 Tel: 0561402125","isPartOf":{"@id":"https:\/\/www.agds31.fr\/#website"},"primaryImageOfPage":{"@id":"https:\/\/www.agds31.fr\/index.php\/electricite-2\/#primaryimage"},"image":{"@id":"https:\/\/www.agds31.fr\/index.php\/electricite-2\/#primaryimage"},"thumbnailUrl":"http:\/\/www.agds31.fr\/wp-content\/uploads\/2024\/08\/tableau-electrique-300x199.jpg","datePublished":"2019-07-01T16:54:06+00:00","dateModified":"2024-09-05T15:43:48+00:00","breadcrumb":{"@id":"https:\/\/www.agds31.fr\/index.php\/electricite-2\/#breadcrumb"},"inLanguage":"fr-FR","potentialAction":[{"@type":"ReadAction","target":["https:\/\/www.agds31.fr\/index.php\/electricite-2\/"]}]},{"@type":"ImageObject","inLanguage":"fr-FR","@id":"https:\/\/www.agds31.fr\/index.php\/electricite-2\/#primaryimage","url":"https:\/\/www.agds31.fr\/wp-content\/uploads\/2024\/08\/tableau-electrique.jpg","contentUrl":"https:\/\/www.agds31.fr\/wp-content\/uploads\/2024\/08\/tableau-electrique.jpg","width":1691,"height":1124},{"@type":"BreadcrumbList","@id":"https:\/\/www.agds31.fr\/index.php\/electricite-2\/#breadcrumb","itemListElement":[{"@type":"ListItem","position":1,"name":"Accueil","item":"https:\/\/www.agds31.fr\/"},{"@type":"ListItem","position":2,"name":"\u00c9lectricit\u00e9"}]},{"@type":"WebSite","@id":"https:\/\/www.agds31.fr\/#website","url":"https:\/\/www.agds31.fr\/","name":"AGDS31","description":"La s\u00e9curit\u00e9 A2P pour particuliers &amp; professionnels \u00e0 Toulouse.","potentialAction":[{"@type":"SearchAction","target":{"@type":"EntryPoint","urlTemplate":"https:\/\/www.agds31.fr\/?s={search_term_string}"},"query-input":{"@type":"PropertyValueSpecification","valueRequired":true,"valueName":"search_term_string"}}],"inLanguage":"fr-FR"}]}},"_links":{"self":[{"href":"https:\/\/www.agds31.fr\/index.php\/wp-json\/wp\/v2\/pages\/2346","targetHints":{"allow":["GET"]}}],"collection":[{"href":"https:\/\/www.agds31.fr\/index.php\/wp-json\/wp\/v2\/pages"}],"about":[{"href":"https:\/\/www.agds31.fr\/index.php\/wp-json\/wp\/v2\/types\/page"}],"author":[{"embeddable":true,"href":"https:\/\/www.agds31.fr\/index.php\/wp-json\/wp\/v2\/users\/1"}],"replies":[{"embeddable":true,"href":"https:\/\/www.agds31.fr\/index.php\/wp-json\/wp\/v2\/comments?post=2346"}],"version-history":[{"count":4,"href":"https:\/\/www.agds31.fr\/index.php\/wp-json\/wp\/v2\/pages\/2346\/revisions"}],"predecessor-version":[{"id":2893,"href":"https:\/\/www.agds31.fr\/index.php\/wp-json\/wp\/v2\/pages\/2346\/revisions\/2893"}],"wp:attachment":[{"href":"https:\/\/www.agds31.fr\/index.php\/wp-json\/wp\/v2\/media?parent=2346"}],"curies":[{"name":"wp","href":"https:\/\/api.w.org\/{rel}","templated":true}]}}