{"id":407,"date":"2024-08-23T16:05:52","date_gmt":"2024-08-23T14:05:52","guid":{"rendered":"https:\/\/www.agds31.fr\/?page_id=407"},"modified":"2024-08-29T17:36:55","modified_gmt":"2024-08-29T15:36:55","slug":"video-surveillance","status":"publish","type":"page","link":"https:\/\/www.agds31.fr\/index.php\/video-surveillance\/","title":{"rendered":"Vid\u00e9o Surveillance"},"content":{"rendered":"\n<h1 class=\"wp-block-heading\"><br>R\u00e8glementation vid\u00e9osurveillance<\/h1>\n\n\n\n<h2 class=\"wp-block-heading\">Vid\u00e9osurveillance et vie priv\u00e9e&nbsp;: r\u00e8gles de base<\/h2>\n\n\n\n<ul class=\"wp-block-list\">\n<li>il est interdit de filmer un lieu public sauf sur autorisation pr\u00e9fectorale (ex\u00a0: une cam\u00e9ra ext\u00e9rieure install\u00e9e \u00e0 votre domicile ne doit pas filmer le trottoir, la route ou les maisons voisines\u2026) ;<\/li>\n\n\n\n<li>la videosurveillance dans un lieu priv\u00e9 (m\u00eame une habitation priv\u00e9e) est soumise \u00e0 une autorisation pr\u00e9alable de la\u00a0<a class=\"\" href=\"https:\/\/alarme.ooreka.fr\/astuce\/voir\/746655\/cnil-videosurveillance\">CNIL<\/a>\u00a0;<\/li>\n\n\n\n<li>l\u2019installation du dispositif doit \u00eatre justifi\u00e9e par des motivations de s\u00e9curit\u00e9 des lieux et des personnes (surtout pas la volont\u00e9 d\u2019espionner le personnel) ;<\/li>\n\n\n\n<li>si le dispositif pr\u00e9voit un enregistrement des donn\u00e9es sur support num\u00e9rique, il est obligatoire de le d\u00e9clarer \u00e0 la CNIL ;<\/li>\n\n\n\n<li>il faut avoir le consentement des personnes concern\u00e9es pour pouvoir les filmer (lieux publics\u00a0: seules les personnes isol\u00e9es et reconnaissables doivent donner leur consentement).<\/li>\n<\/ul>\n\n\n\n<h2 class=\"wp-block-heading\">Vid\u00e9osurveillance et vie priv\u00e9e&nbsp;: informer le public<\/h2>\n\n\n\n<p>Il est obligatoire d\u2019informer le public ou les salari\u00e9s (dans le cas d\u2019une entreprise) susceptibles d\u2019\u00eatre film\u00e9s et enregistr\u00e9s par les cam\u00e9ras&nbsp;:<\/p>\n\n\n\n<ul class=\"wp-block-list\">\n<li>sur la voie publique\u00a0: affichage de panneaux avec le symbole d\u2019une cam\u00e9ra ;<\/li>\n\n\n\n<li>dans les lieux publics ou priv\u00e9s\u00a0: pancartes ou affiches indiquant\u00a0:\n<ul class=\"wp-block-list\">\n<li>que les lieux sont sous videosurveillance ;<\/li>\n\n\n\n<li>le nom du responsable ;<\/li>\n\n\n\n<li>les modalit\u00e9s d\u2019exercice du droit \u00e0 l\u2019image ;<\/li>\n\n\n\n<li>le nom du destinataire des images ;<\/li>\n<\/ul>\n<\/li>\n\n\n\n<li>dans une entreprise (ou chez un particulier qui emploie du personnel)\u00a0:\n<ul class=\"wp-block-list\">\n<li>information personnelle (courrier recommand\u00e9) et collective des salari\u00e9s ;<\/li>\n\n\n\n<li>information du Comit\u00e9 d\u2019entreprise (entreprises de plus de 10 salari\u00e9s).<\/li>\n<\/ul>\n<\/li>\n<\/ul>\n\n\n\n<p><\/p>\n","protected":false},"excerpt":{"rendered":"<p>R\u00e8glementation vid\u00e9osurveillance Vid\u00e9osurveillance et vie priv\u00e9e&nbsp;: r\u00e8gles de base Vid\u00e9osurveillance et vie priv\u00e9e&nbsp;: informer le public Il est obligatoire d\u2019informer le public ou les salari\u00e9s (dans le cas d\u2019une entreprise) susceptibles d\u2019\u00eatre film\u00e9s et enregistr\u00e9s par les cam\u00e9ras&nbsp;:<\/p>\n","protected":false},"author":1,"featured_media":0,"parent":0,"menu_order":0,"comment_status":"closed","ping_status":"closed","template":"","meta":{"footnotes":""},"class_list":["post-407","page","type-page","status-publish","hentry"],"yoast_head":"<!-- This site is optimized with the Yoast SEO plugin v24.0 - https:\/\/yoast.com\/wordpress\/plugins\/seo\/ -->\n<title>Vid\u00e9o Surveillance - AGDS31 Tel: 0561402125<\/title>\n<meta name=\"robots\" content=\"index, follow, max-snippet:-1, max-image-preview:large, max-video-preview:-1\" \/>\n<link rel=\"canonical\" href=\"https:\/\/www.agds31.fr\/index.php\/video-surveillance\/\" \/>\n<meta property=\"og:locale\" content=\"fr_FR\" \/>\n<meta property=\"og:type\" content=\"article\" \/>\n<meta property=\"og:title\" content=\"Vid\u00e9o Surveillance - AGDS31 Tel: 0561402125\" \/>\n<meta property=\"og:description\" content=\"R\u00e8glementation vid\u00e9osurveillance Vid\u00e9osurveillance et vie priv\u00e9e&nbsp;: r\u00e8gles de base Vid\u00e9osurveillance et vie priv\u00e9e&nbsp;: informer le public Il est obligatoire d\u2019informer le public ou les salari\u00e9s (dans le cas d\u2019une entreprise) susceptibles d\u2019\u00eatre film\u00e9s et enregistr\u00e9s par les cam\u00e9ras&nbsp;:\" \/>\n<meta property=\"og:url\" content=\"https:\/\/www.agds31.fr\/index.php\/video-surveillance\/\" \/>\n<meta property=\"og:site_name\" content=\"AGDS31 Tel: 0561402125\" \/>\n<meta property=\"article:modified_time\" content=\"2024-08-29T15:36:55+00:00\" \/>\n<meta name=\"twitter:card\" content=\"summary_large_image\" \/>\n<meta name=\"twitter:label1\" content=\"Dur\u00e9e de lecture estim\u00e9e\" \/>\n\t<meta name=\"twitter:data1\" content=\"2 minutes\" \/>\n<script type=\"application\/ld+json\" class=\"yoast-schema-graph\">{\"@context\":\"https:\/\/schema.org\",\"@graph\":[{\"@type\":\"WebPage\",\"@id\":\"https:\/\/www.agds31.fr\/index.php\/video-surveillance\/\",\"url\":\"https:\/\/www.agds31.fr\/index.php\/video-surveillance\/\",\"name\":\"Vid\u00e9o Surveillance - AGDS31 Tel: 0561402125\",\"isPartOf\":{\"@id\":\"https:\/\/www.agds31.fr\/#website\"},\"datePublished\":\"2024-08-23T14:05:52+00:00\",\"dateModified\":\"2024-08-29T15:36:55+00:00\",\"breadcrumb\":{\"@id\":\"https:\/\/www.agds31.fr\/index.php\/video-surveillance\/#breadcrumb\"},\"inLanguage\":\"fr-FR\",\"potentialAction\":[{\"@type\":\"ReadAction\",\"target\":[\"https:\/\/www.agds31.fr\/index.php\/video-surveillance\/\"]}]},{\"@type\":\"BreadcrumbList\",\"@id\":\"https:\/\/www.agds31.fr\/index.php\/video-surveillance\/#breadcrumb\",\"itemListElement\":[{\"@type\":\"ListItem\",\"position\":1,\"name\":\"Accueil\",\"item\":\"https:\/\/www.agds31.fr\/\"},{\"@type\":\"ListItem\",\"position\":2,\"name\":\"Vid\u00e9o Surveillance\"}]},{\"@type\":\"WebSite\",\"@id\":\"https:\/\/www.agds31.fr\/#website\",\"url\":\"https:\/\/www.agds31.fr\/\",\"name\":\"AGDS31\",\"description\":\"La s\u00e9curit\u00e9 A2P pour particuliers &amp; professionnels \u00e0 Toulouse.\",\"potentialAction\":[{\"@type\":\"SearchAction\",\"target\":{\"@type\":\"EntryPoint\",\"urlTemplate\":\"https:\/\/www.agds31.fr\/?s={search_term_string}\"},\"query-input\":{\"@type\":\"PropertyValueSpecification\",\"valueRequired\":true,\"valueName\":\"search_term_string\"}}],\"inLanguage\":\"fr-FR\"}]}<\/script>\n<!-- \/ Yoast SEO plugin. -->","yoast_head_json":{"title":"Vid\u00e9o Surveillance - AGDS31 Tel: 0561402125","robots":{"index":"index","follow":"follow","max-snippet":"max-snippet:-1","max-image-preview":"max-image-preview:large","max-video-preview":"max-video-preview:-1"},"canonical":"https:\/\/www.agds31.fr\/index.php\/video-surveillance\/","og_locale":"fr_FR","og_type":"article","og_title":"Vid\u00e9o Surveillance - AGDS31 Tel: 0561402125","og_description":"R\u00e8glementation vid\u00e9osurveillance Vid\u00e9osurveillance et vie priv\u00e9e&nbsp;: r\u00e8gles de base Vid\u00e9osurveillance et vie priv\u00e9e&nbsp;: informer le public Il est obligatoire d\u2019informer le public ou les salari\u00e9s (dans le cas d\u2019une entreprise) susceptibles d\u2019\u00eatre film\u00e9s et enregistr\u00e9s par les cam\u00e9ras&nbsp;:","og_url":"https:\/\/www.agds31.fr\/index.php\/video-surveillance\/","og_site_name":"AGDS31 Tel: 0561402125","article_modified_time":"2024-08-29T15:36:55+00:00","twitter_card":"summary_large_image","twitter_misc":{"Dur\u00e9e de lecture estim\u00e9e":"2 minutes"},"schema":{"@context":"https:\/\/schema.org","@graph":[{"@type":"WebPage","@id":"https:\/\/www.agds31.fr\/index.php\/video-surveillance\/","url":"https:\/\/www.agds31.fr\/index.php\/video-surveillance\/","name":"Vid\u00e9o Surveillance - AGDS31 Tel: 0561402125","isPartOf":{"@id":"https:\/\/www.agds31.fr\/#website"},"datePublished":"2024-08-23T14:05:52+00:00","dateModified":"2024-08-29T15:36:55+00:00","breadcrumb":{"@id":"https:\/\/www.agds31.fr\/index.php\/video-surveillance\/#breadcrumb"},"inLanguage":"fr-FR","potentialAction":[{"@type":"ReadAction","target":["https:\/\/www.agds31.fr\/index.php\/video-surveillance\/"]}]},{"@type":"BreadcrumbList","@id":"https:\/\/www.agds31.fr\/index.php\/video-surveillance\/#breadcrumb","itemListElement":[{"@type":"ListItem","position":1,"name":"Accueil","item":"https:\/\/www.agds31.fr\/"},{"@type":"ListItem","position":2,"name":"Vid\u00e9o Surveillance"}]},{"@type":"WebSite","@id":"https:\/\/www.agds31.fr\/#website","url":"https:\/\/www.agds31.fr\/","name":"AGDS31","description":"La s\u00e9curit\u00e9 A2P pour particuliers &amp; professionnels \u00e0 Toulouse.","potentialAction":[{"@type":"SearchAction","target":{"@type":"EntryPoint","urlTemplate":"https:\/\/www.agds31.fr\/?s={search_term_string}"},"query-input":{"@type":"PropertyValueSpecification","valueRequired":true,"valueName":"search_term_string"}}],"inLanguage":"fr-FR"}]}},"_links":{"self":[{"href":"https:\/\/www.agds31.fr\/index.php\/wp-json\/wp\/v2\/pages\/407","targetHints":{"allow":["GET"]}}],"collection":[{"href":"https:\/\/www.agds31.fr\/index.php\/wp-json\/wp\/v2\/pages"}],"about":[{"href":"https:\/\/www.agds31.fr\/index.php\/wp-json\/wp\/v2\/types\/page"}],"author":[{"embeddable":true,"href":"https:\/\/www.agds31.fr\/index.php\/wp-json\/wp\/v2\/users\/1"}],"replies":[{"embeddable":true,"href":"https:\/\/www.agds31.fr\/index.php\/wp-json\/wp\/v2\/comments?post=407"}],"version-history":[{"count":3,"href":"https:\/\/www.agds31.fr\/index.php\/wp-json\/wp\/v2\/pages\/407\/revisions"}],"predecessor-version":[{"id":2775,"href":"https:\/\/www.agds31.fr\/index.php\/wp-json\/wp\/v2\/pages\/407\/revisions\/2775"}],"wp:attachment":[{"href":"https:\/\/www.agds31.fr\/index.php\/wp-json\/wp\/v2\/media?parent=407"}],"curies":[{"name":"wp","href":"https:\/\/api.w.org\/{rel}","templated":true}]}}